10)/(-240) + g/16?
10
Let t(q) = -q**3 + 6*q**2 - 6*q. Let k be -1*(8/(-2))/(2/2). Calculate the remainder when t(k) is divided by -2*4*7/(-14).
0
Let j = -7279 - -7303. What is the remainder when 237 is divided by j?
21
Let y(w) = -w**2 - 6*w + 14. Suppose 3*q - 732 = -q. Suppose 4*a = q + 25. Calculate the remainder when a is divided by y(-6).
10
What is the remainder when 242 is divided by 1410/18 + ((-4)/(-6))/(-2)?
8
Let y be 7*(-2)/(-70) + (-332)/10. Let s = 156 + -94. Let w = s + y. Calculate the remainder when 201 is divided by w.
27
Suppose -5*z - 123 = -8*z. What is the remainder when 97 is divided by z?
15
Let m(w) = 8*w**2 - 82*w + 43. What is the remainder when 396 is divided by m(11)?
69
Let s(v) = 2*v**3 - 21*v**2 - v + 111. What is the remainder when 290 is divided by s(0)?
68
Suppose 0 = 5*o - g + 3*g - 277, -4*g = -4*o + 216. Calculate the remainder when o is divided by ((-5)/2 + -1)*(-588)/1029.
1
What is the remainder when 308 is divided by (153 - 1 - (74 - 74)) + (-3 - -7)?
152
Calculate the remainder when 526 is divided by 2*249/6 + -2.
40
Let o = -11956 + 13399. Calculate the remainder when o is divided by 33.
24
Let y = -11634 + 11649. Let c = -48 + 10. Let w = c + 95. Calculate the remainder when w is divided by y.
12
What is the remainder when 1209 is divided by 3 - (3 + 1 + 96/(-112)*7)?
4
Suppose -276*c + 4351 = -47*c. What is the remainder when 10503 is divided by c?
15
Let s(n) = 19*n**2 - n + 4*n - 31*n**2 - 10 + 21*n**2. Let g be s(3). Suppose -g = -6*x + 82. What is the remainder when 52 is divided by x?
25
Let r = 10 - -20. Let n = -1454 - -1602. Suppose -471 + n = -19*g. Calculate the remainder when r is divided by g.
13
Suppose -4*l + 165 = 3*r - 426, 0 = -5*r + 4*l + 1049. Calculate the remainder when 4304 is divided by r.
204
Let w = 358 - 336. Calculate the remainder when 297 is divided by w.
11
Suppose 0 = 26*i - 81*i + 2915. Calculate the remainder when 600 is divided by i.
17
Suppose 0 = -i, i = 5*y - 2*i - 10. Suppose 9*r - 7*r - y*h - 84 = 0, r - 33 = -2*h. Calculate the remainder when 272 is divided by r.
38
Let s be 4/(4/(-3)) + 2 + 4. Let h be ((10/6)/(-1))/(s/(-9)). Suppose 2*g - 43 = h. What is the remainder when 92 is divided by g?
20
Let k be 1197/285 - (-6)/(-5). Suppose -q - 5*v + 23 = 0, 5*v = -k*q + 5*q - 31. What is the remainder when 53 is divided by q?
17
Let h(f) = f**3 + 23*f**2 + 4*f + 35. Let z be h(-23). Let l = 79 + z. What is the remainder when 57 is divided by l?
13
Let p(j) = 4*j**3 - 5*j**3 + 2*j + 69 + 3 - 29*j**2. Calculate the remainder when 67 is divided by p(-29).
11
Let w = -4 - -11. Let c = w + 4. Let u = 0 - -43. Calculate the remainder when u is divided by c.
10
Let i(h) = 31*h + 6. Suppose 4*s = 29 - 9. Calculate the remainder when i(s) is divided by 27.
26
Let i = 87 + -53. Let d(h) = -h + 52. Let w be d(-20). Suppose s - 20 = -2*s + 4*f, 3*f - w = -5*s. What is the remainder when i is divided by s?
10
Suppose 4*h - 576 = 5*v, -2*h - 367*v + 258 = -362*v. Calculate the remainder when h is divided by 101.
38
Let q = 181536 + -181469. What is the remainder when (0 - -1)*195/1 is divided by q?
61
Suppose -176*j = -4708 - 671 - 2717. Let a be (6/(-5))/(3/(-15)). Suppose o + a = 23. Calculate the remainder when j is divided by o.
12
Let o(m) = m**2 + 55*m - 645. What is the remainder when o(-70) is divided by 32?
21
Suppose 140 = 7*h + 28. Suppose 68 = -h*m + 964. What is the remainder when 165 is divided by m?
53
Let f be (1/(40/(-70)))/(1/(-140)). Let w = -195 + f. What is the remainder when 546 is divided by w?
46
Let u(j) = j**3 - 25*j**2 + 13*j - 25. Let n be u(25). Suppose 22*q = 2*q + n. What is the remainder when 672 is divided by q?
12
Let t = 1433 - 1407. What is the remainder when 109 is divided by t?
5
Suppose -5*s + 18352 = 3*f, 3586*s = -4*f + 3587*s + 24477. Calculate the remainder when f is divided by 1221.
14
Let m(w) = 9*w - 34. Let l be m(6). Suppose -y - l + 46 = 0. Calculate the remainder when (-2324)/(-24) - (-1)/(30/5) is divided by y.
19
Let w = -5136 - -5803. What is the remainder when w is divided by 11?
7
Let q(t) = -t**2 + 50*t - 246. Let k = -13 + 16. Suppose 3*f = -s - 0*f + 22, 0 = 2*s + k*f - 56. What is the remainder when s is divided by q(6)?
16
Suppose 0 = -9*w - 349 + 1690. What is the remainder when w is divided by 94?
55
Let k be ((-3)/(-9) + 5)/((-2)/(-3)). Suppose 18 = 10*b - k*b. Calculate the remainder when b is divided by 6.
3
Let s be (-4)/(-1) - (-14 - 3/(-1)). Let k = s - 1. Let a(g) = g**2 - 14*g + 49. What is the remainder when a(k) is divided by 17?
15
Suppose 22*z - 300 = 17*z. Let o = -179 - -211. What is the remainder when z is divided by o?
28
Suppose -13 = -2*i + 63. Suppose -2*j + 377 = -5*a + 203, 0 = -3*j + 5*a + 246. Calculate the remainder when j is divided by i.
34
Let q(r) = -26*r - 127. Let x be q(-17). Let p = x - 304. Suppose 2*b + 106 = 4*b. What is the remainder when b is divided by p?
9
Suppose -196 = -10*h + s, -3*h + 15*s + 45 = 17*s. Let u(f) = -f**3 - 4*f**2 - 2*f + 6. Calculate the remainder when u(-5) is divided by h.
3
Let t = -471 - -787. Suppose -t - 29 = -5*v. What is the remainder when v is divided by ((-252)/(-49))/((-30)/42 - -1)?
15
Suppose p + 62 = 2*p. Let w = 38258 + -38252. Calculate the remainder when p is divided by w.
2
Let v(b) = -b + 6. Let z be v(-3). Suppose -9 = -12*p + z*p. Suppose -p*c + 2*c + 33 = 0. What is the remainder when 162 is divided by c?
30
Let b(s) = -1616*s + 30774. Suppose -5*j + 19 = 2*x, -5*x + 53 = -j - 8. Calculate the remainder when b(19) is divided by x.
10
Suppose 61*s - 80*s + 1045 = 95. What is the remainder when 1246 is divided by s?
46
Let b = -19 + 19. Suppose -30 + 10 = -4*c, -5*r + 4*c + 785 = b. Suppose -4*z - r = -h, z - 322 = -2*h + 5*z. What is the remainder when h is divided by 18?
17
Let t be ((-2)/(-2) - -102)/(7/(-7)). Let p = t + 173. Calculate the remainder when p is divided by 12.
10
Let q = 367626 + -367617. Suppose -j = -0*z - 3*z, -5*z = -4*j - 7. Calculate the remainder when 2*31*z*-1 is divided by q.
8
Let y(s) be the first derivative of -3*s**2/2 + 3*s + 7. Let t = 8 - 14. What is the remainder when 62 is divided by y(t)?
20
Suppose 0 = -2*v - 2*d + 322 + 34, -4*d = -2*v + 368. Let t = 185 - v. What is the remainder when 20 is divided by t?
0
Let o be (1 + -8)/(101/(-101)). Let x = -3 + 7. Suppose x*r + 3*v = 66, -3*v = 4*r - o*v - 52. What is the remainder when r is divided by 3?
0
Suppose 0 = 77*n - 8611 - 4479. Calculate the remainder when n is divided by 0/2 - 1 - -30.
25
Suppose 22*o + 5*d + 2060 = 27*o, -4*o = -d - 1657. What is the remainder when o is divided by 197?
21
Let a be 118/(1/(-2)*28/7). Suppose 4*s = -4*j + 308, 0*j + 62 = s - 2*j. Let c = a + s. What is the remainder when 36 is divided by c?
10
What is the remainder when 34/(-9 + 1905/210) is divided by 166?
144
Suppose -44*n - 4*v = -43*n - 827, -2*v - 4245 = -5*n. Calculate the remainder when n is divided by 24.
7
Suppose -4*n - 120 = -0*n. Let d = n - -61. Let s = d + -18. What is the remainder when s is divided by 4?
1
Let x(s) = -54*s**2 - 72*s. What is the remainder when 39 is divided by x(-1)?
3
Let n(x) be the second derivative of 4*x**3/3 + 111*x**2/2 + 3*x - 78. Calculate the remainder when n(0) is divided by 14.
13
Let i = 67 - 61. Let z be (i/(-4) + (-1960)/(-16))/1. Suppose 5*s = 414 + z. What is the remainder when s is divided by 12?
11
Let g(a) = a**3 + 6*a**2 + 8*a + 7. Let j be g(-3). Suppose 4 = -9*q + j*q. Suppose -2*t = -3*t + 12. What is the remainder when t is divided by q?
0
Let c(u) = 22*u**2 - u - 3. What is the remainder when c(1) is divided by (-35)/(-11) + (-2)/11?
0
Let d = -2915 - -3114. Calculate the remainder when d is divided by 63.
10
What is the remainder when 4/(8/(-3)) + 1 + 146/4 is divided by 10?
6
Let l(z) = z**3 + 12*z**2 - 19. Let m be l(-7). Let p(b) = b**3 - 234*b + m*b + 20 + 7*b**2 - 5. What is the remainder when 28 is divided by p(-8)?
13
Let k = 17302 - 17234. What is the remainder when 404 is divided by k?
64
Suppose 0 = 2*s + 48 - 34. Calculate the remainder when 966/63 + s/3 is divided by 5.
3
Let r(t) = t**2 + 10*t - 4*t**2 + 2*t**2. What is the remainder when r(7) is divided by 7?
0
Suppose 3*u + 46 = 31. Le